
9
What is the ten millions digit of 745905227?
4
What is the hundred thousands digit of 416030650?
0
What is the ten millions digit of 664277005?
6
What is the thousands digit of 761604239?
4
What is the hundred millions digit of 651797240?
6
What is the ten thousands digit of 2835712997?
1
What is the billions digit of 2189699358?
2
What is the thousands digit of 97614416?
4
What is the hundreds digit of 46051791?
7
What is the units digit of 292130955?
5
What is the ten millions digit of 182772924?
8
What is the hundred millions digit of 121310036?
1
What is the units digit of 97907220?
0
What is the hundred thousands digit of 527274750?
2
What is the hundred thousands digit of 344220080?
2
What is the ten thousands digit of 29054621?
5
What is the hundreds digit of 384270066?
0
What is the hundred thousands digit of 4297017152?
0
What is the ten thousands digit of 99919504?
1
What is the thousands digit of 892230?
2
What is the hundreds digit of 10904618?
6
What is the ten thousands digit of 118812553?
1
What is the hundreds digit of 170620808?
8
What is the hundred thousands digit of 3712410113?
4
What is the ten millions digit of 113521844?
1
What is the hundred thousands digit of 849181407?
1
What is the hundred millions digit of 106264023?
1
What is the ten thousands digit of 1440225633?
2
What is the hundred thousands digit of 33475372?
4
What is the hundred thousands digit of 54885638?
8
What is the thousands digit of 528038080?
8
What is the tens digit of 804176487?
8
What is the ten thousands digit of 937497165?
9
What is the tens digit of 18173220?
2
What is the millions digit of 45276778?
5
What is the hundreds digit of 237462177?
1
What is the millions digit of 94552900?
4
What is the hundreds digit of 85144474?
4
What is the ten thousands digit of 69344403?
4
What is the tens digit of 232515377?
7
What is the units digit of 1661686071?
1
What is the tens digit of 630240870?
7
What is the ten thousands digit of 827095400?
9
What is the hundreds digit of 591013536?
5
What is the hundred thousands digit of 3256412429?
4
What is the units digit of 139619753?
3
What is the hundred thousands digit of 571588970?
5
What is the thousands digit of 1098135177?
5
What is the ten thousands digit of 660805528?
0
What is the units digit of 116215831?
1
What is the thousands digit of 214619668?
9
What is the hundreds digit of 17129132?
1
What is the hundred thousands digit of 558504098?
5
What is the hundred millions digit of 122898340?
1
What is the thousands digit of 108456791?
6
What is the hundred thousands digit of 366780800?
7
What is the hundred thousands digit of 20440937?
4
What is the units digit of 244102456?
6
What is the hundreds digit of 636788413?
4
What is the hundreds digit of 172099373?
3
What is the ten millions digit of 650754212?
5
What is the hundred millions digit of 147052186?
1
What is the ten millions digit of 2039873904?
3
What is the hundreds digit of 3741840?
8
What is the millions digit of 868183699?
8
What is the units digit of 206853789?
9
What is the thousands digit of 604034117?
4
What is the tens digit of 7069095?
9
What is the millions digit of 4758058225?
8
What is the units digit of 70297811?
1
What is the hundred thousands digit of 128292962?
2
What is the thousands digit of 4290176371?
6
What is the millions digit of 26647497?
6
What is the hundred thousands digit of 1052350573?
3
What is the ten millions digit of 1670250263?
7
What is the tens digit of 216248244?
4
What is the ten thousands digit of 3786668250?
6
What is the thousands digit of 76497425?
7
What is the ten millions digit of 3167489947?
6
What is the millions digit of 460635512?
0
What is the units digit of 38918663?
3
What is the hundred thousands digit of 55612278?
6
What is the hundred thousands digit of 566553474?
5
What is the ten millions digit of 788445150?
8
What is the units digit of 1436681464?
4
What is the thousands digit of 1316271157?
1
What is the thousands digit of 1631197726?
7
What is the hundred thousands digit of 61684765?
6
What is the hundred thousands digit of 21233196?
2
What is the ten millions digit of 380360797?
8
What is the hundred millions digit of 689388331?
6
What is the millions digit of 8643246?
8
What is the tens digit of 227507478?
7
What is the ten millions digit of 197535886?
9
What is the millions digit of 4294163983?
4
What is the thousands digit of 607330212?
0
What is the millions digit of 3584233313?
4
What is the tens digit of 6199685461?
6
What is the hundred thousands digit of 142196827?
1
What is the hundred thousands digit of 176763839?
7
What is the ten millions digit of 1176546696?
7
What is the hundreds digit of 52990853?
8
What is the hundreds digit of 4313024522?
5
What is the hundred thousands digit of 720927298?
9
What is the units digit of 3129714807?
7
What is the millions digit of 10742194?
0
What is the ten thousands digit of 197737659?
3
What is the billions digit of 2896328285?
2
What is the ten millions digit of 5287014597?
8
What is the tens digit of 78630996?
9
What is the units digit of 3250954531?
1
What is the ten millions digit of 1611115940?
1
What is the millions digit of 576034040?
6
What is the ten millions digit of 32302103?
3
What is the hundred millions digit of 102255855?
1
What is the hundred thousands digit of 51895595?
8
What is the millions digit of 2980503?
2
What is the units digit of 861983175?
5
What is the ten thousands digit of 703765605?
6
What is the tens digit of 400638810?
1
What is the tens digit of 1066103039?
3
What is the hundred thousands digit of 3805528257?
5
What is the billions digit of 2018402392?
2
What is the hundred thousands digit of 1120132295?
1
What is the tens digit of 1471240276?
7
What is the hundreds digit of 637201893?
8
What is the ten thousands digit of 20431043?
3
What is the thousands digit of 43816427?
6
What is the ten thousands digit of 11373985?
7
What is the hundred thousands digit of 12807220?
8
What is the hundreds digit of 22227683?
6
What is the hundred thousands digit of 478201?
4
What is the hundreds digit of 217406757?
7
What is the ten millions digit of 269296228?
6
What is the ten millions digit of 134043298?
3
What is the ten millions digit of 162884218?
6
What is the ten thousands digit of 1147394873?
9
What is the ten millions digit of 403396321?
0
What is the hundreds digit of 2916676868?
8
What is the hundreds digit of 10507314?
3
What is the hundred millions digit of 2012687951?
0
What is the thousands digit of 694581045?
1
What is the hundreds digit of 402240344?
3
What is the hundreds digit of 35358863?
8
What is the ten millions digit of 248281296?
4
What is the hundreds digit of 857036836?
8
What is the ten millions digit of 3038027919?
3
What is the hundred thousands digit of 1565913665?
9
What is the hundred thousands digit of 490995567?
9
What is the units digit of 1111670897?
7
What is the hundred millions digit of 1998321408?
9
What is the units digit of 56102006?
6
What is the tens digit of 1692292795?
9
What is the ten millions digit of 71392535?
7
What is the hundreds digit of 4919650812?
8
What is the units digit of 65897613?
3
What is the units digit of 518977762?
2
What is the billions digit of 1440930650?
1
What is the thousands digit of 952727318?
7
What is the hundred thousands digit of 1116183484?
1
What is the ten millions digit of 9709307445?
0
What is the hundred thousands digit of 73571348?
5
What is the ten millions digit of 11397073?
1
What is the ten millions digit of 360654412?
6
What is the hundreds digit of 6216870751?
7
What is the tens digit of 1790658032?
3
What is the thousands digit of 30185174?
5
What is the units digit of 107090243?
3
What is the hundred millions digit of 475972267?
4
What is the thousands digit of 86696735?
6
What is the units digit of 836415791?
1
What is the hundred thousands digit of 4659740249?
7
What is the millions digit of 3532983?
3
What is the hundreds digit of 31341464?
4
What is the hundred thousands digit of 85791477?
7
What is the hundreds digit of 485622103?
1
What is the hundreds digit of 2286583965?
9
What is the millions digit of 29978672?
9
What is the units digit of 6292925?
5
What is the tens digit of 179508270?
7
What is the bi